 Determine i(z).
4
Let x(w) = 11*w - 31 - 5*w - 7*w. Determine x(-20).
-11
Let o be 9*((-48)/9 + 5). Let z(y) be the second derivative of y**5/10 + y**4/4 - y**3/2 + 2*y**2 + y. Give z(o).
-14
Let o(u) = 0*u + 8 - u - 11 - 13. Let c = -650 - -650. What is o(c)?
-16
Let q(l) be the first derivative of 0*l + 0*l**2 - 1/3*l**3 - 3/2*l**4 + 10. What is q(1)?
-7
Let g = -8 - -11. Let p(i) = -i**2 + 4*i. Let a(t) = 3*t**2 - 16*t + 3. Let h(j) = -a(j) - 2*p(j). What is h(g)?
12
Let n(t) = t**2 + t + 4. Let x be n(0). Let f(s) = -s + 2*s**2 - s + 1 + x*s. Let o be -4 - -2 - (-3 - -3). What is f(o)?
5
Let j be (5/5)/((-1)/12). Let l be (-6)/24 - 3/j. Let p(m) = m + 4. Calculate p(l).
4
Let d(a) = 0*a**2 + a - 5*a - a**2. Let k be 16/6*87/(-58). Calculate d(k).
0
Let t = 136 - 130. Let m(d) = -5 + 0*d**3 - 6*d + 3*d + 6*d**2 - t*d + d**3. What is m(-7)?
9
Let l(u) be the third derivative of u**5/60 + u**4/12 - 2*u**3/3 - 3*u**2 - 4*u. What is l(-3)?
-1
Let d(c) = -c**3 + 6*c**2 + 4*c + 1. Let j(b) = -5*b + 51. Let v be j(9). Let n(o) = o**2 - 11*o + 37. Let p be n(v). Determine d(p).
-20
Suppose 0 = -2*q - 39 + 45. Let s(j) = 3*j**2 - 2*j - 4. What is s(q)?
17
Let a(q) = -q**3 + 6*q**2 + 9*q - 5. Let b be a(7). Let j(g) = -g**3 + 9*g**2 + 6. Calculate j(b).
6
Let s = -10 + 10. Suppose s = -2*l + 3*l - 8. Let i = l - 7. Let o(v) = -7*v**3 - 2*v**2 + v. Give o(i).
-8
Let g(n) be the third derivative of -n**5/10 + n**4/6 + 5*n**3/6 + 25*n**2. Let o(h) = -h**3 - 7*h**2 + 5*h + 6. Let p(t) = 5*g(t) - 4*o(t). Calculate p(1).
3
Let g(w) = w**2 - 1 + 0*w**2 - 5*w + 2*w - w. Let k(o) = o**2 - 9*o + 23. Let n be k(4). Determine g(n).
-4
Let h(g) = -2*g**2 - 5*g + 1. Let a(l) = l**2. Let t(n) = 3*n**2 - 6*n + 2. Let c(v) = 6*a(v) - t(v). Let o(m) = 3*c(m) + 4*h(m). Determine o(-2).
6
Let k(n) = -n**2 - 5153*n + 8 + 5153*n - 3. Calculate k(0).
5
Let j(t) = 5*t + 3. Let y(g) = -22*g - 19. Let d(l) = 18*j(l) + 4*y(l). What is d(10)?
-2
Suppose 2*q - 5*j - 8 = 0, -2*j = -2*q + q + 4. Let n(u) = 3*u - 4. Give n(q).
8
Let t(q) = 3*q**3 - 3*q**3 - 3*q**2 + 1 + 2*q**3 + 0*q**2 + q. Let s(b) = -b**3 + 28*b**2 + 4*b - 110. Let v be s(28). What is t(v)?
7
Let c(a) = a**3 + a**2 - 3*a + 2. Let r(m) = -m**3 - 5*m**2 - m + 4. Let x be r(-5). Let l = 14 - x. Suppose -l*y = 4*v + 9 + 3, -12 = 3*y. Determine c(v).
8
Let a(s) be the first derivative of -s**4/4 - s**3/3 - s**2/2 + 2*s + 288. What is a(-2)?
8
Suppose h - 4*g = -2*h + 18, 3*g - 30 = -5*h. Let a(u) = 0*u - 3 + 6 + 3 - 2*u. What is a(h)?
-6
Let o be 4/(-14) - (-876)/28. Let q(f) = -12*f - 8*f - 12*f - f**3 + o*f. Calculate q(-1).
2
Let u(l) = l**2 - 3*l - 5. Suppose -4*d + 6 = -10, 5*n - 3*d = -37. Calculate u(n).
35
Suppose -a + 26 = 4*a - 4*d, 3 = 3*d. Let w = 7 - a. Let q(p) be the second derivative of -11*p**3/6 + p**2/2 + 70*p + 2. Determine q(w).
-10
Let x be (18/(-3))/3*-2. Let c(r) = -4*r + x*r - 1 + 4*r + 8*r. Calculate c(-1).
-13
Let n(x) = x - 32 - 26 + 49. Determine n(4).
-5
Let u(v) = -4. Let k(m) = -1. Let x(i) = 6*k(i) - u(i). Let p(g) = -g - 1. Let r(b) = -2*p(b) + x(b). What is r(2)?
4
Let i be -2 + (3 - -1) - 1. Suppose i = 4*o - 3. Let z(w) = -14*w**2 + w - 1. Let j(m) = 15*m**2 - m + 1. Let n(x) = -6*j(x) - 7*z(x). Give n(o).
8
Let f(z) be the second derivative of 0*z**3 + 0 - 1/12*z**4 + 5*z + 0*z**2. Suppose -h - 3*b + 2*b - 3 = 0, -2*b - 3 = -h. Calculate f(h).
-1
Let k(q) be the second derivative of q**6/240 + q**5/120 + 3*q**4 + 12*q. Let o(v) be the third derivative of k(v). Suppose -10 - 5 = 5*u. Calculate o(u).
-8
Let p be (15/15)/(1/5)*5. Suppose -9*o = -14*o - p. Let i(a) = 9*a - 12. Let f(j) = -13*j + 18. Let n(s) = -5*f(s) - 7*i(s). Give n(o).
-16
Let y(t) = -t - 22 + 18 + 2*t**2 - 5*t - t**2 + 0*t**2. Let g = 2 + -3. Let l be (-2)/(-6)*(g - -16). Determine y(l).
-9
Let f = -5 + 7. Let i(q) = -4*q**2 + f*q + 2*q**2 + 1 + 0 + 4*q**2. Let c(h) = -h**3 - 6*h**2 - 7*h + 2. Let z be c(-4). What is i(z)?
5
Let a(y) = y**2 - 9*y - 6. Suppose -336 = -57*t - 51. What is a(t)?
-26
Let j(u) be the third derivative of -u**5/60 - 7*u**4/24 + 2*u**3/3 - 212*u**2. Let z = -18 - -12. What is j(z)?
10
Let r(n) = -2*n + 5. Let m(j) = 18*j**3 + 2*j**2 + 4*j + 3. Let v be m(-1). Let t = 23 + v. Determine r(t).
-7
Suppose 3*r = 2*w + 18, -5*w + 4 - 26 = 4*r. Let k(i) = -i + 3. Give k(w).
9
Let s(o) = 2*o**2 + 1 + 131*o - 130*o - 3*o**2. Let d(n) = -3*n + 5. Let h(v) = -d(v) + 2*s(v). What is h(4)?
-15
Suppose 4*b = -28 + 20. Let q be (b/(-4)*2)/(1/5). Let o(u) = u**2 - 6*u + 7. What is o(q)?
2
Let u(k) = 27. Let z(v) = -v - 24. Let n(d) = 4*u(d) + 5*z(d). What is n(-4)?
8
Let u(z) = z**2 - 3*z - 10. Suppose 7*t - 1 = 41. Give u(t).
8
Let i(n) be the third derivative of -n**4/8 - n**3 - 62*n**2 + 2. What is i(7)?
-27
Let v(w) = 1928*w - 80 - 958*w - 966*w. Calculate v(19).
-4
Suppose -4*u = 16*u + 80. Let y(x) = -x**2 - 7*x - 4. Give y(u).
8
Let z(s) = -s**2 - 5*s + 1. Let m be ((-6)/4)/(-3)*(22 - 22). Let g = -4 - m. Determine z(g).
5
Let m(s) = -s - 11. Let h be m(-5). Let u(d) = -14*d + 47. Let t(v) = 5*v - 16. Let x(o) = -17*t(o) - 6*u(o). What is x(h)?
-4
Let i(c) = -c**3 - 4*c**2 + 8*c + 13. Suppose 3*q + 14 = 22*y - 23*y, -q - 2 = y. What is i(q)?
37
Let c(r) be the third derivative of -r**6/120 - r**5/20 + r**4/8 + 7*r**3/6 - 10*r**2 - r. What is c(-3)?
-2
Let w(f) = -20*f - 7. Let k(q) = -7*q - 2. Let s = -182 - -297. Suppose -s = -5*n - 30. Let v(a) = n*k(a) - 6*w(a). What is v(0)?
8
Let m(d) = -9*d**3 + 7*d**2 + 7*d - 2. Let p(b) = 2*b**3 - b**2 - b + 1. Let u(k) = -m(k) - 5*p(k). What is u(-3)?
12
Let b be 3 - 0 - 28/(-4). Suppose 1 = -y + b. Let o(h) = -y + 7 - 1 - 3*h**2 - 4*h. Calculate o(-2).
-7
Suppose -30 = -m + 5*h, -8*m - h + 46 = -3*m. Let n(p) = -p**2 + 9*p - 11. Calculate n(m).
-21
Let h(o) be the third derivative of -o**5/60 + 3*o**4/4 + 11*o**3/3 - 15*o**2 - 5. Give h(19).
3
Let g(a) be the first derivative of 43*a**2/2 + a - 69. Give g(1).
44
Let q(f) = f - 1 - 2*f + f - 20*f - 44*f. Determine q(-1).
63
Let a(d) be the first derivative of 11/6*d**3 + 3/2*d**2 - 11 + 0*d - 1/24*d**4. Let y(l) be the second derivative of a(l). Give y(7).
4
Let a(k) = 4*k - 3*k - 7 - 11*k**2 + 15*k - 20. Let o(c) = 4*c**2 - 5*c + 9. Let w(y) = 3*a(y) + 8*o(y). Determine w(7).
-2
Let a(p) = 4*p + 3. Suppose -2*h + 4*g - 1 = 5, -h + 3*g - 3 = 0. Calculate a(h).
-9
Suppose -2*v = 2 - 12. Suppose 0 = d + v*d + 30. Let k(u) = -u**2 - 7*u + 6. Give k(d).
16
Suppose 3 = 3*s - 3. Let y(x) be the first derivative of 0*x + 4 + 2*x**2 - 1/3*x**3. Calculate y(s).
4
Suppose 6*y = 2*y + 60. Suppose 3*w = 2*f + 19, 3*w + 5*f + 14 + 2 = 0. Suppose z = a - 4*z - 23, w*z = -y. Let c(j) = 8*j + 2. What is c(a)?
-14
Let n(h) = h**3 + 5*h**2 + 5*h - 3. Suppose 5*f + 9 = -g, 3*f - 7 = 3*g + 2. Determine n(g).
-7
Let t = 82 + -74. Suppose t*g = 13*g - 5. Let w(c) = 17*c**3 - 2*c**2 + 2*c - 1. What is w(g)?
16
Let z be -2*(-21)/4*72/(-54). Let q be -2 + 4/1 - -2. Let v be 270/(-63) - q/z. Let m(s) = -4*s + 4. Give m(v).
20
Let u be 7 - ((-6)/8 + 11/(-44)). Suppose 4*y = 2*y - u. Let l(t) = -t**3 - 4*t**2 - 2*t + 3. Determine l(y).
11
Let j(x) be the first derivative of -x**3/6 + 13*x**2/2 - 2*x + 12. Let i(q) be the first derivative of j(q). Calculate i(0).
13
Let s be 0/(-1) - (-3)/(1 - -2). Suppose 0*i = -5*i - 15. Let g be (i + -9)*s/2. Let o(d) = -d**3 - 7*d**2 - 6*d - 8. What is o(g)?
-8
Let o = 23 + -21. Let s(r) = 2*r**o - 1 - 4*r - r**3 - 1 + 7*r - 2. What is s(3)?
-4
Let k(m) = -787*m - 4 - 12 - 789*m + 1577*m. Give k(17).
1
Let a(y) = y - 5. Let o(d) = 2*d - 4. Let v(j) = -3*a(j) + 2*o(j). Let u be v(-3). Let p(t) = 2*t + 4. Give p(u).
12
Let u be (-13)/1 - (35 + -45). Let v(m) = m**3 + 5*m**2 + 6*m + 5. Give v(u).
5
Suppose -2*k - 5*k = 238. Let s = 34 + k. Let a(z) = -z + 2. Calculate a(s).
2
Suppose -62 = -8*s + 98. Let v(b) = -4 - 12*b - 4*b - 5*b + s*b. Calculate v(-4).
0
Let h = 51 + -10. Let c = 36 - h. Let n(v) = -v**2 - 4*v + 5. Determine n(c).
0
Let p(a) = 4*a - 26. Let g be p(9). Let v(y) = -1 - 27*y + 4*y**2 + g*y + 10*y - 11*y**2 - y**3. What is v(-6)?
5
Let a(i) = -9*i**2 - 4*i - 1. Let l(y) = 40*y**2 + 16*y + 4. Let z(t) = -9*a(t) - 2*l(t). Give z(-4).
1
Let k = -4 - -7. Suppose 70 = k*b + 2*b. Let